e m(5). Let c be 0 + q/4 - 6/12. Suppose 2*f = 152 + c. What is the hundreds digit of f?
1
Suppose 20 = 3*m - 8*m - 2*o, -10 = 2*o. Let j be 6 - (4 - (m - -4)). Suppose 0 = -3*d - u + 401, -j*d - 85 + 618 = 3*u. What is the units digit of d?
4
Let s(z) = 4537*z**3 + 4*z**2 + 430*z - 861. What is the thousands digit of s(2)?
6
Suppose -7*u + 10 = -2*u. Suppose -7*i + 0*i = 7*i. Suppose 4*v - 2*w = 104, -3*v + 79 = -u*w - i*w. What is the tens digit of v?
2
Let r(i) = 269*i**2 + 280*i - 2. What is the units digit of r(8)?
4
Let b be 4/18 - 1768/18. Let v = -6165 + 6297. Let k = v - b. What is the units digit of k?
0
Let i(v) = -v**3 + 9*v**2 + 6*v - 9. Let o be i(9). Let u be (-6*(-10)/o)/(1/3). What is the hundreds digit of (100/6)/(u + 69/(-18))?
1
Let o = 293 - 289. Suppose -b + 349 = -4*k, -o*k = -2*k + 6. What is the units digit of b?
7
Suppose -g + 3*c = 93, 0*g = 2*g - 4*c + 184. Let s be (-1*3)/(27/g). Suppose s*h = 2*h + 776. What is the units digit of h?
7
Let u(j) = j + 5. Let o be u(5). Suppose 13*l - 1314 = o*l. What is the hundreds digit of (-14)/(-28) + l/4?
1
Let n(c) = 500*c**2 + 89*c + 1233. What is the tens digit of n(-12)?
6
Let g(h) = 90*h - 1. Let f be g(1). Let a = f - 125. What is the units digit of (-6)/(a/123)*(2 - 0)?
1
Suppose 8*c - 38 = 10. Suppose c*k - 1000 = k. What is the units digit of k?
0
Suppose -5*d - 3*a = -280881, 265*d - 260*d - 4*a - 280902 = 0. What is the tens digit of d?
7
Let s(l) be the second derivative of 8/3*l**3 - 46*l + 1/12*l**4 + 0 + 8*l**2. What is the tens digit of s(8)?
0
Let i(x) be the first derivative of -6 + 1/4*x**4 - 4*x - 11/2*x**2 + 2*x**3. What is the units digit of i(-7)?
4
Suppose -5*j + 3474 = j. Let g = -286 + j. Suppose 527 = 5*t - g. What is the units digit of t?
4
Let i = -4469 - -6697. What is the units digit of i?
8
Let x(p) = -5*p**3 - 4*p**2 + p - 86. What is the thousands digit of x(-16)?
9
What is the hundreds digit of 9725/(16 - (1 + 14))?
7
Let l(j) = 13*j**3 - 61*j**2 - 57*j + 156. What is the hundreds digit of l(17)?
4
Suppose s - 18296 = -2*n + 4982, 0 = 2*s + 4. What is the units digit of n?
0
Let t(m) = m - 34. Let i be t(-11). Let v = i - -452. What is the hundreds digit of v?
4
Suppose -2*v - 3*g = -48491, -5*v + 2*g = -8*v + 72739. What is the hundreds digit of v?
2
Suppose -5*w = n - 252, w - 219 = -3*w + 5*n. What is the tens digit of (-2734)/(-4) - (w/6 + -10)?
8
Let w = 15120 - 10454. What is the hundreds digit of w?
6
Let a = 16590 - 6937. What is the units digit of a?
3
Let k = -5400 + 11240. What is the thousands digit of k?
5
Let c(r) = -47*r - 6. Let z(f) = 95*f + 12. Let k(h) = 5*c(h) + 2*z(h). Suppose 5*s + 15 - 5 = 0. What is the tens digit of k(s)?
8
Suppose 217 = -v + 336. Suppose -50 = 3*o - v. What is the tens digit of o?
2
What is the tens digit of 1319/(31/(-4) + 8)?
7
What is the hundreds digit of ((-5)/3)/(-8 - (-3312345)/414045)?
0
Suppose -90827 = -11*w - 3472 + 216520. What is the tens digit of w?
2
Suppose 0 = i - z + 2, z = 5*i + 15 - 13. Suppose i*w + w = 2*p + 160, w + 4*p = 130. What is the units digit of w?
0
Suppose 3*f = k - 15251, 5*k - 3*f = 27761 + 48422. What is the thousands digit of k?
5
Suppose 6886 = -3*i + 5*q + 64528, 2*q - 96039 = -5*i. What is the units digit of i?
9
Let t = 5324 - 3011. What is the tens digit of t?
1
Let z(k) = -k**3 + 2*k + 4. Let x be z(0). Let s be (8*39 + x)/1 + 1. Suppose -6*o + s = -31. What is the units digit of o?
8
Let d(l) = -l - 2. Let h be d(-7). Let g(j) = -2 + h*j**2 + 8 + 5 - 3*j**3 + 4*j**3 - 3*j. What is the units digit of g(-5)?
6
Suppose 0 = -5*b - 5*g + 55, 0 = -5*b + g + 25. Suppose b*m = m - n + 46, 60 = 4*m - 5*n. What is the tens digit of (-218*(-1)/m)/((-2)/(-10))?
0
Let j be (-7 - -7)/((-4)/1). Suppose -2*r - 99 = -2*q - 303, r - 2*q - 106 = j. What is the units digit of r?
8
Let y = -7 - 8. Let m(h) = 7*h. Let k be m(9). Let q = k - y. What is the units digit of q?
8
Suppose 0 = 309*m - 659996 - 379480. What is the units digit of m?
4
Let f(j) = -2*j**2 + 5*j + 39. Let c be f(-4). Let y(k) = k**3 + 12*k**2 - 27*k + 35. What is the hundreds digit of y(c)?
2
What is the thousands digit of (11 - (3 - -5)) + 58422 + 20?
8
Let f(b) = 241*b**2 + b - 6. Let v(q) = 2*q - 20. Let z be v(11). Let c be f(z). What is the hundreds digit of (c/(-36))/((-1)/6)?
1
Let k(h) = h**3 - 15*h + 6. Let v be k(-4). What is the tens digit of -1*(-722 + (v - -1))?
1
Let x = 9829 - -2313. What is the hundreds digit of x?
1
Let c = -233 + 240. Suppose 10*o - c*o - 5*t - 3217 = 0, 3*o + 2*t - 3245 = 0. What is the thousands digit of o?
1
Let s = 61 - -30739. What is the units digit of s?
0
Let n(x) = -31*x**3 + 10*x**2 + 10*x - 14. Let k(c) = 62*c**3 - 22*c**2 - 21*c + 29. Let a(f) = -4*k(f) - 9*n(f). What is the tens digit of a(2)?
3
Let y = -48 + 57. Let g(d) = y*d + 13*d - 8 - 12 - 11*d. What is the tens digit of g(12)?
1
Let i be 2/(-4)*-4*125. Suppose 1215 + 2135 = 67*h. Suppose i - h = n. What is the tens digit of n?
0
Let k(u) = -u**2 - u + 2. Let f be k(-3). Let x(s) = 7*s**2 - 9 + 162*s + 156*s - 436*s + 121*s + s**3. What is the units digit of x(f)?
7
Suppose 3*o + 0*o = -8*o. Suppose o*m = -6*m + 18. Suppose -2*j + 7*j = -2*u + 97, 4*j = m*u - 180. What is the tens digit of u?
5
Let f be 33/5 + (-26)/10 + 2. Let c = f + 286. What is the hundreds digit of c?
2
Suppose -4*o = w - 4357, 0 = -2*o - 0*w - 3*w + 2181. Suppose -19*q + 10*q + o = 0. Let l = q + -88. What is the units digit of l?
3
Suppose 3*o + 2557 = 4*u, -652 = 24*u - 25*u + 5*o. What is the tens digit of u?
3
Suppose -8*l + 14*l - 161310 = 0. What is the thousands digit of l?
6
Let c(b) = -b**2 + 18*b + 12. Let y(u) = -u**2 - 11*u - 10. Let o be y(-7). What is the units digit of c(o)?
2
Let t(g) = 397*g + 20. Suppose 13*m - 34 = -8. What is the units digit of t(m)?
4
Suppose 24 = 49*n - 37*n. Suppose w - 2*u = 1120, -4*w + 4721 = n*u + 221. What is the thousands digit of w?
1
Suppose -861945 = -170*u + 803345 - 367000. What is the thousands digit of u?
7
Let o(d) = -3*d + 4. Let b be o(0). Let t be b/3*(-3)/(-2). Suppose -n + t = n. What is the units digit of n?
1
Suppose 12877 + 17123 = -2629*y + 2653*y. What is the thousands digit of y?
1
Let f = 7851 + -4713. What is the hundreds digit of f?
1
Let j be 44/(-8) + (-9)/(-6). What is the thousands digit of (511 + -3)*j/(-2)?
1
Let z = -257 + 259. Suppose -v = 5*q - 592, 0 = -z*v + v + 4*q + 565. What is the hundreds digit of v?
5
Suppose 5*p = 26*o - 7*o - 293094, -3*p + 61704 = 4*o. What is the ten thousands digit of o?
1
Let z(d) = -d - 9. Let a be z(-12). Suppose 102 - 7 = 5*j. Suppose a*m = 0, 0 = v - 2*m - j - 46. What is the units digit of v?
5
Let z(o) = 1207*o**2 - 12*o + 11. Let l be z(1). Let m = l + 383. What is the tens digit of m?
8
Suppose -10*t - 411 + 61 = 0. Let x(i) = 5*i + 7. Let c be x(3). Let l = c - t. What is the tens digit of l?
5
Suppose -9 = -m - 7. Suppose 0 = -m*o - 0*u - 5*u + 89, 3*u = 2*o - 129. Let v = -17 + o. What is the units digit of v?
0
Let j = -23745 - -35478. What is the ten thousands digit of j?
1
Let z(t) = -9*t**3 - 71*t**2 + 3*t - 48. What is the tens digit of z(-13)?
8
Suppose 5*u - 5*k - 6703 = 3097, -2*k + 2 = 0. Let q = u + -1399. What is the units digit of q?
2
Let b(k) = 10*k**2 - 11*k + 10. Let t be b(5). Let r = 655 - t. What is the tens digit of r?
5
Let r be (-132)/15*(-80 + -5). Suppose -3*h + 303 = -a - 439, -3*h - 2*a = -r. What is the units digit of (-15)/(-10)*h/6?
2
Suppose 0 = 10*h + 3 - 3. Suppose -l + 4 = h, -2056 = -0*c - 4*c + l. What is the tens digit of c?
1
Let j(c) = -5*c**2 - 6*c - 8. Let n(y) = 9*y**2 + 12*y + 15. Let f(o) = 11*j(o) + 6*n(o). Let m be f(5). Let d = m + 30. What is the units digit of d?
7
Suppose 10589 = 2*b + 5*k, 1 = -657*k + 658*k. What is the units digit of b?
2
Let g = 113 - -6873. Suppose g = 4*h + 938. What is the tens digit of h?
1
Suppose -16*m - 2052 = -4*m. Let h = 601 + m. What is the units digit of h?
0
What is the ten thousands digit of (588/(-3 + -1))/(12/1960*-1)?
2
Suppose 0 = -3*j - 3*a + 804, -5*j + 5*a = 226 - 1586. Let m = j - -550. What is the tens digit of m?
2
Let y(b) = 80*b**2 + 94*b - 863. What is the thousands digit of y(11)?
9
Let z = -156 - -132. Let g(w) = 